se 11) to base 2.
101100011011111110101
Convert de5d (base 16) to base 3.
2220002100
-61372 (base 16) to base 5
-100220234
1111100000011101111 (base 2) to base 5
112230033
What is -173741 (base 8) in base 13?
-22b64
What is -1012120100 (base 3) in base 12?
-118a6
-488a584 (base 11) to base 13
-19ba714
What is 4449446 (base 10) in base 11?
2569a31
Convert -4162291 (base 10) to base 11.
-2393211
What is 481a97 (base 14) in base 13?
683390
50b429 (base 12) to base 9
2335516
What is -30131012233 (base 4) in base 2?
-1100011101000110101111
Convert -e6b6e (base 16) to base 14.
-1a8566
1b84034 (base 12) to base 3
102002112202111
What is 3955aa (base 15) in base 10?
2751910
20694 (base 16) to base 13
48570
What is 5318 (base 12) in base 5?
242332
What is 1200122001 (base 3) in base 8?
100761
What is -2432144 (base 5) in base 13?
-17b98
-4085a (base 11) to base 15
-129d2
-7967193 (base 10) to base 11
-4551963
What is -8852 (base 9) in base 15?
-1e02
Convert 220020 (base 7) to base 5.
2212210
What is 1476044 (base 8) in base 2?
1100111110000100100
24441122 (base 6) to base 12
3191a2
-4001300304 (base 5) to base 8
-35713613
What is 515dad (base 14) in base 3?
12011102000001
Convert 1100111001101011010 (base 2) to base 3.
210110220021
Convert -1c8134 (base 14) to base 11.
-638111
What is -1440a2 (base 14) in base 13?
-1b7a58
-895a41 (base 11) to base 3
-2200112222010
Convert 355936 (base 10) to base 13.
c6019
-95690 (base 10) to base 11
-65991
Convert -a21bc (base 14) to base 12.
-16984a
Convert 637ca0 (base 14) to base 4.
30311100310
What is -59b327 (base 14) in base 10?
-3065671
Convert -22221120200 (base 3) to base 15.
-372ac
Convert 5150217 (base 11) to base 13.
1b64694
What is -130321211012 (base 4) in base 10?
-7575878
2010112100220 (base 3) to base 9
2115326
90098 (base 11) to base 16
20324
16155306 (base 7) to base 2
101111100111000110101
Convert 383745 (base 10) to base 12.
1660a9
Convert 1967076 (base 11) to base 4.
30222013322
What is 673674 (base 8) in base 15?
4750a
Convert -413125151 (base 6) to base 3.
-111110020210111
What is -55227 (base 15) in base 6?
-5444131
What is 3daffc (base 16) in base 11?
2311416
Convert 2342140131 (base 5) to base 3.
101012202012001
3602610 (base 8) to base 13
286125
What is -64164261 (base 7) in base 3?
-101020121120010
1c1b95 (base 14) to base 7
11350445
Convert -146753 (base 9) to base 12.
-442b6
What is 2788a (base 12) in base 11?
38212
What is -39502a (base 11) in base 3?
-1011120200120
Convert -ce8e8e (base 16) to base 2.
-110011101000111010001110
517353 (base 10) to base 15
a3453
What is 11ec7 (base 15) in base 9?
86577
120166305 (base 7) to base 16
719b3e
115170 (base 9) to base 14
1b411
What is 277464 (base 9) in base 14?
45abc
Convert -1a42130 (base 12) to base 2.
-10101001101101000110100
-1925a5 (base 12) to base 10
-439757
Convert -1042102343 (base 5) to base 8.
-10614674
-250163 (base 12) to base 4
-2102313123
4f087a (base 16) to base 9
10663855
What is 5d7220 (base 14) in base 13?
884323
-31022110 (base 6) to base 3
-1200012012120
Convert 243342313 (base 6) to base 7.
54336015
What is 72120 (base 10) in base 6?
1313520
Convert -11056b (base 12) to base 13.
-960aa
-21932 (base 13) to base 7
-342332
What is 251a1 (base 11) in base 13?
13603
Convert 95898 (base 10) to base 16.
1769a
-555243054 (base 6) to base 3
-200220201101021
18df9 (base 16) to base 9
164671
Convert 11102011101 (base 3) to base 8.
251525
422887 (base 12) to base 2
11111110010001100111
What is 2a27e (base 16) in base 3?
22202212012
What is 111100011001100101 (base 2) in base 4?
330121211
What is -432531 (base 9) in base 10?
-257770
Convert -2112202121210 (base 3) to base 2.
-101001010011100000101
-36641444 (base 7) to base 6
-154244032
Convert 1a694c (base 15) to base 8.
4723444
Convert -211103211 (base 4) to base 13.
-54723
What is 1213001314 (base 5) in base 3?
12101021121112
What is -3a3836 (base 15) in base 10?
-2796351
Convert -205635521 (base 7) to base 12.
-411838b
627326 (base 8) to base 4
302323112
Convert -8a406 (base 14) to base 16.
-51ec6
133000233013 (base 4) to base 12
2880687
Convert -121212020122012 (base 3) to base 16.
-88ba5b
-145011334 (base 6) to base 8
-13446252
What is 313133211 (base 4) in base 12?
ab659
-10736722 (base 8) to base 14
-44d8b0
20ba081 (base 13) to base 14
148089a
What is 4651263 (base 8) in base 12?
510a17
Convert 21304342 (base 7) to base 13.
4b7b97
Convert -421685 (base 10) to base 6.
-13012125
Convert 433566 (base 9) to base 10.
258531
Convert -1001101011100011001 (base 2) to base 10.
-317209
122101100001 (base 3) to base 15
6b59a
Convert 11cc7 (base 15) to base 7.
324565
Convert 4aa1604 (base 11) to base 10.
8845225
-1000010010100011011 (base 2) to base 6
-5453335
Convert -15274 (base 15) to base 5.
-4134214
163023 (base 7) to base 5
2013014
-1014012440 (base 5) to base 9
-3842404
What is 437642 (base 9) in base 15?
5273b
848031 (base 9) to base 15
9e731
What is -a6c5ab (base 13) in base 3?
-21100201202210
What is -28aa6 (base 11) in base 12?
-1ba60
What is -1261454 (base 8) in base 11?
-2212a1
What is -10213021 (base 5) in base 15?
-1a476
Convert 867544 (base 9) to base 8.
1762272
What is 120577 (base 11) in base 14?
4d886
3021212100 (base 4) to base 11
514437
What is 1295894 (base 10) in base 8?
4743026
8296c1 (base 13) to base 4
23220033122
Convert -1541146 (base 14) to base 7.
-154121516
Convert 6606401 (base 9) to base 5.
1402011024
Convert 27121 (base 11) to base 14.
10195
101498d (base 14) to base 10
7580817
What is -2142154 (base 6) in base 3?
-12102110121
7566473 (base 8) to base 11
1164856
100422344 (base 5) to base 3
202120011210
What is 12300233322 (base 4) in base 14?
341d7c
What is -624472 (base 9) in base 16?
-5a821
6402556 (base 9) to base 14
652b64
Convert 21001121121 (base 3) to base 7.
1116061
-20221111112 (base 3) to base 5
-13333223
Convert 449b53 (base 14) to base 5.
1044110020
Convert 1331403 (base 7) to base 5.
21111230
83b0c (base 14) to base 15
6421d
6ab8 (base 16) to base 8
65270
Convert -223611 (base 14) to base 8.
-4335257
-25a531 (base 12) to base 8
-2271565
What is -422444303 (base 5) in base 2?
-110101111000011001010
500110 (base 6) to base 16
980a
Convert -121273 (base 13) to base 7.
-3443455
What is 11010100110111000101 (base 2) in base 8?
3246705
Convert -120022100100 (base 3) to base 9.
-508310
What is -38b277 (base 12) in base 2?
-11100011011110111011
Convert -12100103232 (base 4) to base 12.
-670a66
What is -303751 (base 9) in base 16?
-2beeb
What is 4db8b0 (base 15) in base 9?
7022053
What is -72441 (base 13) in base 3?
-101102021110
What is a3556 (base 15) in base 13?
15177c
Convert -10010000001000001 (base 2) to base 10.
-73793
-487325 (base 12) to base 13
-321353
-1bc396 (base 14) to base 4
-3302230000
Convert 178355 (base 10) to base 13.
63248
Convert 1311343140 (base 5) to base 14.
6016cd
What is -1ccb0 (base 14) in base 5?
-4330400
110021200212210 (base 3) to base 7
106331340
-11b31d3 (base 14) to base 15
-b2d14e
-1010010101111 (base 2) to base 15
-1880
-1466622 (base 7) to base 12
-98843
What is 212b13 (base 12) in base 14?
d8a99
Convert 769783 (base 10) to base 3.
1110002221111
-242616 (base 8) to base 10
-83342
What is 4163111 (base 7) in base 12?
20303b
What is 373544 (base 13) in base 12?
538782
What is 10101110101000111100 (base 2) in base 15?
e1e34
133101232322 (base 4) to base 13
1910c4b
What is -3313222 (base 6) in base 14?
-44370
-13401 (base 5) to base 2
-10001001101
What is 10021020122111 (base 3) in base 12?
6b921a
-189c46 (base 16) to base 8
-6116106
-273b97 (base 16) to base 6
-131035303
What is 200220323 (base 4) in base 13?
48b0c
-1001011010100010010 (base 2) to base 4
-1023110102
What is -40552135 (base 6) in base 3?
-2012012220012
-237167 (base 8) to base 12
-3b21b
Convert 1427793 (base 12) to base 15.
54acb9
What is -11011010101011001111 (base 2) in base 15?
-12a5d0
11010001100100110 (base 2) to base 5
11413202
Convert -43013210 (base 6) to base 11.
-791a61
Convert 948a1 (base 13) to base 9.
446622
Convert -1dcda (base 16) to base 13.
-43744
Convert -b9830c (base 15) to base 14.
-12603c1
What is -674c6 (base 14) in base 10?
-250662
1312333012 (base 4) to base 13
140aa9
-79919 (base 10) to base 16
-1382f
-240545 (base 9) to